t**2 - 3. Let s be m(-2). Let r be (-2)/4 - 642/(-12). Calculate the highest common divisor of s and r.
53
Let u = -701 - -2927. What is the highest common divisor of u and 42?
42
Let j be ((-14)/8)/((-4)/48 - 0). Let t be (-8)/32 + 505/4. What is the greatest common factor of t and j?
21
Let y be (10/(-4) + 0)*10. Suppose -37*x + 36*x = 11. Let b = x - y. What is the highest common divisor of 35 and b?
7
Let y(i) = 25*i**2 - 18*i + 46. Let c be y(3). Calculate the greatest common divisor of 62 and c.
31
Suppose -5*f = 2*l + 185, -378 = 4*l + 7*f - 5*f. Let y = -85 - l. Suppose 0 = -4*j + 7 + 9. What is the highest common divisor of y and j?
2
Suppose -2*g = 5*y - 0*y + 163, 4*y = -g - 128. Let x be y/(-4) + (-5)/(-20). Suppose -8 = 5*b + 7, -s - b = -37. What is the greatest common factor of s and x?
8
Suppose -2*c + 4*c = -2*d + 18, -c - 2 = 0. Let m(k) = k**3 - 11*k**2 + 10*k + 11. Let a be m(10). Calculate the greatest common factor of d and a.
11
Let f be 13268/52 - 22/143. Calculate the greatest common factor of 105 and f.
15
Suppose -5*q + 208 = 8*q. Suppose -345 = -q*d + 695. Let u(y) = -3*y + 1. Let t be u(-4). What is the highest common factor of t and d?
13
Let k(j) = -j**3 - 23*j**2 + 48*j - 30. Let z be k(-25). Calculate the highest common factor of z and 4.
4
Let v be (125/50)/((14/36)/7). Calculate the greatest common divisor of 15 and v.
15
Let q = 2086 + -1302. Calculate the highest common factor of 64 and q.
16
Let a = 12 - 15. Let i be 6*(-1)/3*a. Let x(c) = 7*c + 12. Let d be x(6). Calculate the highest common divisor of d and i.
6
Suppose 45 = 2*d - 3*l, -9 = -5*d - 4*l + 69. What is the highest common divisor of 603 and d?
9
Let h be (-22)/5*(-1 - 4). Let c be (-2)/(3 - 199/66). Suppose -7*x = -x - c. Calculate the greatest common divisor of x and h.
22
Suppose o - 2*d + 5 = 0, -2*o - 2*d + 30 = 2*o. Suppose 1 - 112 = -4*h - 3*g, o*h + 4*g - 138 = 0. What is the greatest common factor of h and 80?
10
Let d be -7 - (-242 + 6 + -9). Calculate the greatest common factor of 136 and d.
34
Let x be ((5 - -13)/6)/((-9)/(-132)). What is the highest common divisor of 66 and x?
22
Suppose -5*q + 92 = 4*x, -2*q = 5*x - 27 - 88. Calculate the greatest common divisor of 3151 and x.
23
Let b be (-39)/(-6) + 3/(-6). Let w = -3 + b. Suppose w*n - 99 = -33. Calculate the highest common factor of n and 132.
22
Let o = -1492 - -1614. Calculate the highest common factor of o and 549.
61
Let m be (7 + -7)*3/3. Let x(z) = 6*z + 25. Let q be x(m). Calculate the greatest common divisor of 100 and q.
25
Let f = -100 + 78. Let r = f - -48. What is the highest common divisor of 13 and r?
13
Let t be (-3 - -7)*-2*-88. Suppose -4*u - 144 + t = 0. Calculate the highest common divisor of u and 28.
28
Suppose 29*v - 70 = 24*v. Let d be 2 - ((-24)/14)/(1/v). What is the highest common divisor of d and 13?
13
Suppose 120 = -5*f + 9*f. What is the highest common factor of 15 and f?
15
Let d = 176 - 170. What is the highest common divisor of 48 and d?
6
Suppose 1 = 3*u - 8. Suppose 2*j - 52 = 5*y, -u*y - 43 - 1 = -2*j. Calculate the highest common divisor of 4 and j.
4
Suppose 72 = 4*l - 4*a, -2*a + 4 = -0*a. Let n be (6225/40)/15 + (-6)/16. Calculate the highest common factor of l and n.
10
Let v(g) = -15*g + 6. Let c be v(-3). Let y(x) = x + 22. Let s be y(12). Calculate the greatest common divisor of c and s.
17
Let h be 2/4*23/((-161)/(-126)). Let f(z) = z**2 - 3*z - 3. Let j be f(6). Calculate the highest common divisor of h and j.
3
Let j = -49 - -66. What is the greatest common divisor of 221 and j?
17
Suppose 3*r - 3*w - 39 = 0, 2*r + 2*w = 3*r - 11. Let a(i) = i**2 + 3*i + 5. Let o be a(5). Calculate the greatest common factor of o and r.
15
Suppose 4*d + 23 = u - d, 0 = -3*d. Calculate the highest common divisor of u and 23.
23
Let m = -420 - -615. What is the highest common divisor of m and 39?
39
Let l = -37 - -67. Suppose 19 - 1 = 2*j + 2*d, 2*j = 5*d + 25. What is the greatest common divisor of j and l?
10
Let d = -9 - -11. Let n = d - -3. Suppose 2*h - n*b = 21, -3*h + b - 3 = -15. Calculate the greatest common factor of 21 and h.
3
Let n be -3*(8/40 - 308/15). What is the highest common factor of 549 and n?
61
Let b(f) = 34*f**2 + f. Suppose -2*s - 4 = -2. Let l be b(s). Suppose 107*k - 2130 = 224. What is the highest common factor of l and k?
11
Suppose -4*b = m - 97 - 40, 4*b = -4*m + 140. What is the greatest common factor of b and 51?
17
Suppose -8*q + 12*q - 48 = 0. Calculate the highest common factor of q and 354.
6
Let r(n) = -n**3 + 6*n**2 + 15*n - 1. Let w be r(7). What is the highest common divisor of w and 935?
55
Let k be (-3 + -3)*(16/12 + -4). What is the greatest common factor of 128 and k?
16
Let l(u) = -54*u + 79. Let z be l(-6). Calculate the highest common factor of 78 and z.
13
Let p be (1 + -6)*6/30. Let r be (-749)/(-21) + p/(-3). Calculate the greatest common divisor of 4 and r.
4
Let c be ((-5 - -4)*1)/((-1)/29). Suppose 2*y = u + c, -2*y - 3*u + 45 = 3*y. Calculate the highest common divisor of y and 36.
12
Let w be 30/(-70) + (-744)/(-21). What is the greatest common divisor of 10 and w?
5
Let v be 6/((9 - 2)/63). What is the greatest common divisor of 1782 and v?
54
Suppose 93*s - 89*s = 16. Suppose -3*r - s + 22 = 0. Calculate the greatest common factor of r and 66.
6
Let x = -97 - -162. Suppose o = -14*l + 17*l + 14, -4*o - 4*l + 120 = 0. What is the greatest common factor of x and o?
13
Suppose 2*u - 6*u = -52. Suppose -3*s + 3 = -3*j, 2*j - 5*j + u = s. What is the greatest common factor of j and 9?
3
Suppose -5*k + 252 = 4*w, 0 = -2*k + 3*k. Let c = -114 + 280. Let o = c + -159. Calculate the highest common divisor of o and w.
7
Let c(w) = -8*w - 16. Let p(a) = a**3 - 20*a**2 + 18*a + 12. Let f be p(19). Let q be c(f). Let h = -4 + 14. Calculate the highest common factor of q and h.
10
Let n(v) = -v**3 + 12*v**2 + 43*v - 16. Let s be n(12). Calculate the highest common factor of 4 and s.
4
Let h be ((-6)/(-4))/((-6)/(-56)). Let u(p) = 9*p - 8 - 13*p + h*p. Let y be u(12). What is the greatest common divisor of y and 14?
14
Let i = 83 - -22. Let h be 2/6 + 750/18. Calculate the greatest common divisor of h and i.
21
Let i be 60/5 - -3 - 6. Calculate the greatest common divisor of i and 4.
1
Suppose -3*l = 2*l. Suppose 3*b = -6, 5*n + l*b = b - 18. Let g be n + (-1 - -3) + 26. What is the highest common factor of 16 and g?
8
Let z = -86 - -143. Let c = z - 49. Calculate the greatest common factor of 2 and c.
2
Let m(t) = -t**2 - t + 40. Let h be m(0). Let u be 55*2*(-8)/(-2). What is the greatest common divisor of u and h?
40
Let h(c) = -c**2. Let p(o) = o**3 - 4*o**2 + 12*o - 12. Let n(a) = -5*h(a) - p(a). Let j be n(6). Calculate the greatest common factor of 120 and j.
24
Let u(q) = q**2 - 29*q - 220. Let l be u(-7). What is the highest common factor of 1168 and l?
16
Let z = -35 + 42. Let m = 44 + -16. Calculate the highest common divisor of m and z.
7
Let f(z) = -z - 16. Let b = 48 - 71. Let a be f(b). What is the highest common divisor of 7 and a?
7
Let h = 8 + -8. Suppose h*i - i = -5. Suppose 3*n - i*o = 6*n - 52, -112 = -4*n + 4*o. What is the greatest common factor of 120 and n?
24
Suppose -2*q + 139 + 213 = 0. Suppose -184 = -5*c + q. What is the greatest common divisor of c and 12?
12
Let f = -40 - -34. Let t be (f/4 + 1)/((-3)/18). Let u(v) = 18*v**2 + v + 1. Let w be u(-1). Calculate the highest common factor of w and t.
3
Suppose 22 = 11*y - 77. What is the highest common factor of y and 387?
9
Let c(g) = 3*g**2 + 22*g + 45. Let t be c(-7). Calculate the highest common factor of 38 and t.
38
Let d = 57 - 41. Let h = d - 16. Suppose 58 = 3*p - 4*v - h*v, -4*v = -20. Calculate the highest common factor of p and 65.
13
Let l = 146 + -106. Calculate the greatest common factor of 64 and l.
8
Suppose 1668*b = 1672*b - 1488. What is the greatest common divisor of b and 36?
12
Let s = 12 - 12. Suppose s = 7*t + 98 - 350. Let p = -6 + 10. Calculate the greatest common factor of t and p.
4
Suppose 10*x + 2*d = 6*x + 106, 0 = 4*d + 12. Suppose -l + 24 = 5*w - 82, 0 = -2*w - 3*l + 45. Calculate the greatest common divisor of x and w.
7
Let r(x) = x**3 + x**2 - 1. Let d(g) = -g + 2 + 2*g + g**2 - 1. Let t